63
List the prime factors of 886121316.
2, 3, 19, 431833
What are the prime factors of 4723171250?
2, 5, 7, 59, 1307
List the prime factors of 23161831.
7, 11, 233, 1291
List the prime factors of 97757610.
2, 3, 5, 3258587
List the prime factors of 59700455.
5, 11940091
List the prime factors of 5455603263.
3, 11, 17, 149, 65267
What are the prime factors of 1049604572?
2, 31, 59, 143467
What are the prime factors of 1629130148?
2, 19, 131, 163633
List the prime factors of 290881840.
2, 5, 67, 54269
What are the prime factors of 817009055?
5, 67, 2438833
What are the prime factors of 36016555?
5, 1019, 7069
What are the prime factors of 4459921125?
3, 5, 11, 263, 4111
List the prime factors of 303999394.
2, 139, 631, 1733
List the prime factors of 6099996.
2, 3, 7, 101, 719
What are the prime factors of 5215870662?
2, 3, 53, 2789, 5881
What are the prime factors of 18787878?
2, 3, 61, 71, 241
List the prime factors of 15454771.
19, 31, 1381
List the prime factors of 7106596.
2, 7, 353, 719
What are the prime factors of 13795365?
3, 5, 919691
List the prime factors of 2293021409.
7, 23, 14242369
List the prime factors of 1732813677.
3, 7, 27504979
What are the prime factors of 73884175?
5, 431, 6857
List the prime factors of 4780923666.
2, 3, 211, 347, 10883
List the prime factors of 26877071.
13, 137, 15091
List the prime factors of 79416679.
79416679
List the prime factors of 32257077.
3, 29, 101, 3671
List the prime factors of 63628625.
5, 19, 73, 367
What are the prime factors of 2088399840?
2, 3, 5, 4350833
What are the prime factors of 6459810220?
2, 5, 11933, 27067
List the prime factors of 5283041.
5283041
What are the prime factors of 359919313?
13, 37, 748273
What are the prime factors of 4619239?
1481, 3119
What are the prime factors of 699136415?
5, 139827283
What are the prime factors of 714850677?
3, 761, 11597
List the prime factors of 184901680.
2, 5, 29, 79699
List the prime factors of 200118831.
3, 11, 53, 114419
List the prime factors of 289454848.
2, 37, 30559
List the prime factors of 1771982163.
3, 7, 3125189
List the prime factors of 1118989144.
2, 7, 13, 31, 179, 277
List the prime factors of 716934593.
20129, 35617
List the prime factors of 110812729.
110812729
List the prime factors of 479114201.
193, 263, 9439
What are the prime factors of 150452496?
2, 3, 1044809
List the prime factors of 20972607.
3, 41, 170509
What are the prime factors of 702521814?
2, 3, 31, 3776999
List the prime factors of 271716367.
13, 20901259
List the prime factors of 76790143.
2683, 28621
List the prime factors of 224750780.
2, 5, 11237539
List the prime factors of 15386033.
13, 1183541
What are the prime factors of 77494928?
2, 7, 691919
What are the prime factors of 20071907?
20071907
List the prime factors of 197323617.
3, 65774539
What are the prime factors of 6714602?
2, 29, 115769
List the prime factors of 6152670748.
2, 7, 89, 2468969
What are the prime factors of 50236580?
2, 5, 53, 83, 571
List the prime factors of 1677185601.
3, 7, 13, 6143537
What are the prime factors of 19565740?
2, 5, 978287
What are the prime factors of 5795988751?
7, 211, 3924163
List the prime factors of 415851356.
2, 41, 53, 47843
What are the prime factors of 122059067?
13, 722243
What are the prime factors of 2638360479?
3, 879453493
What are the prime factors of 2260348218?
2, 3, 29, 4330169
What are the prime factors of 73801418?
2, 563, 65543
What are the prime factors of 687578877?
3, 76397653
List the prime factors of 1715310913.
487, 3522199
What are the prime factors of 10574902?
2, 13, 101, 4027
List the prime factors of 328518106.
2, 7, 457, 51347
What are the prime factors of 78308329?
11, 19, 374681
What are the prime factors of 892026822?
2, 3, 17, 514433
List the prime factors of 1214148653.
17, 103, 693403
List the prime factors of 4389681.
3, 503, 2909
List the prime factors of 978354264.
2, 3, 137, 149, 1997
What are the prime factors of 65578940?
2, 5, 7, 468421
What are the prime factors of 61101473?
19, 113, 149, 191
List the prime factors of 118054523.
313, 377171
List the prime factors of 2262300584.
2, 282787573
What are the prime factors of 72810769?
811, 89779
What are the prime factors of 6688995?
3, 5, 29, 15377
List the prime factors of 2377574971.
37, 149, 431267
What are the prime factors of 5185029519?
3, 47, 12257753
List the prime factors of 1666419318.
2, 3, 887, 11597
What are the prime factors of 112654455?
3, 5, 37, 202981
List the prime factors of 391660634.
2, 31, 127, 49741
What are the prime factors of 3464972604?
2, 3, 96249239
List the prime factors of 20307338.
2, 97, 104677
List the prime factors of 764712875.
5, 67, 91309
What are the prime factors of 29430458?
2, 347, 42407
What are the prime factors of 73953119?
23, 509, 6317
What are the prime factors of 2874985?
5, 19, 53, 571
List the prime factors of 565124840.
2, 5, 7, 373, 773
What are the prime factors of 83945528?
2, 10493191
List the prime factors of 185202529.
179, 1034651
List the prime factors of 76227003.
3, 43, 61, 3229
List the prime factors of 167598009.
3, 18622001
List the prime factors of 30048692.
2, 7512173
What are the prime factors of 61826364?
2, 3, 1717399
List the prime factors of 3684751.
7, 139, 541
What are the prime factors of 4141531161?
3, 3023, 50741
List the prime factors of 2495851228.
2, 13, 47997139
What are the prime factors of 2430673618?
2, 113, 257, 41849
What are the prime factors of 23397703?
7, 3342529
List the prime factors of 877119658.
2, 17, 71, 127, 2861
What are the prime factors of 314713725?
3, 5, 4196183
List the prime factors of 59294691.
3, 17, 373, 1039
List the prime factors of 47463665.
5, 9492733
List the prime factors of 118135386.
2, 3, 29, 226313
List the prime factors of 252160500.
2, 3, 5, 23, 7309
What are the prime factors of 7233141697?
50971, 141907
List the prime factors of 895907.
19, 61, 773
List the prime factors of 164513648.
2, 13, 41, 101, 191
List the prime factors of 121140964.
2, 7, 277, 15619
What are the prime factors of 57818381?
83, 696607
List the prime factors of 522019759.
97, 103, 52249
What are the prime factors of 61830861?
3, 43, 479309
What are the prime factors of 22396950?
2, 3, 5, 71, 701
List the prime factors of 1606074859.
457, 3514387
List the prime factors of 61943121.
3, 17, 61, 6637
What are the prime factors of 38509816?
2, 823, 5849
What are the prime factors of 110330725?
5, 4413229
What are the prime factors of 1027445188?
2, 7, 11, 103, 139, 233
What are the prime factors of 464476727?
11, 13, 249853
What are the prime factors of 173228972?
2, 7, 6186749
What are the prime factors of 68923067?
68923067
List the prime factors of 325848960.
2, 3, 5, 109, 173
List the prime factors of 74520267.
3, 131, 189619
List the prime factors of 49553926.
2, 251, 98713
List the prime factors of 4685073723.
3, 11, 173, 91183
List the prime factors of 18693340.
2, 5, 19, 49193
What are the prime factors of 11783952?
2, 3, 19, 59, 73
List the prime factors of 818308537.
83, 9859139
What are the prime factors of 104028767?
41, 2537287
List the prime factors of 81680180.
2, 5, 541, 7549
List the prime factors of 6550148808.
2, 3, 7, 107, 40487
What are the prime factors of 589406726?
2, 97, 3038179
List the prime factors of 2645985.
3, 5, 419, 421
What are the prime factors of 77681606?
2, 38840803
List the prime factors of 116533384.
2, 11, 19, 69697
List the prime factors of 898540067.
337, 2666291
List the prime factors of 418012314.
2, 3, 69668719
What are the prime factors of 115073636?
2, 2473, 11633
What are the prime factors of 47694046?
2, 23847023
What are the prime factors of 41914283?
89, 470947
List the prime factors of 241785661.
13, 1009, 18433
List the prime factors of 1625946604.
2, 113, 3597227
What are the prime factors of 1551085552?
2, 61, 227, 7001
List the prime factors of 10803743.
10803743
What are the prime factors of 312331833?
3, 11, 43, 73369
List the prime factors of 94478905.
5, 2441, 7741
What are the prime factors of 68075929?
23, 2959823
What are the prime factors of 949487803?
11, 4241, 20353
List the prime factors of 742422787.
742422787
List the prime factors of 10407031.
10407031
What are the prime factors of 432451411?
7, 8825539